5457?
5
What is the tens digit of 2959?
5
What is the hundreds digit of 11846?
8
What is the tens digit of 594?
9
What is the hundreds digit of 126833?
8
What is the ten thousands digit of 11051?
1
What is the units digit of 4859?
9
What is the thousands digit of 48301?
8
What is the hundreds digit of 20167?
1
What is the tens digit of 1511?
1
What is the hundreds digit of 50622?
6
What is the tens digit of 3674?
7
What is the units digit of 4691?
1
What is the hundreds digit of 77213?
2
What is the thousands digit of 1239?
1
What is the units digit of 73145?
5
What is the tens digit of 9525?
2
What is the hundreds digit of 631?
6
What is the tens digit of 9929?
2
What is the units digit of 20419?
9
What is the tens digit of 3105?
0
What is the units digit of 6074?
4
What is the hundreds digit of 21288?
2
What is the thousands digit of 1339?
1
What is the thousands digit of 1406?
1
What is the hundreds digit of 502?
5
What is the units digit of 3463?
3
What is the thousands digit of 30910?
0
What is the thousands digit of 5410?
5
What is the tens digit of 14182?
8
What is the tens digit of 1134?
3
What is the units digit of 3255?
5
What is the ten thousands digit of 181156?
8
What is the tens digit of 278?
7
What is the tens digit of 33047?
4
What is the hundreds digit of 449?
4
What is the units digit of 2001?
1
What is the hundreds digit of 236?
2
What is the thousands digit of 1778?
1
What is the thousands digit of 13197?
3
What is the hundreds digit of 703?
7
What is the hundreds digit of 39267?
2
What is the tens digit of 5845?
4
What is the hundreds digit of 45797?
7
What is the units digit of 1092?
2
What is the units digit of 73633?
3
What is the hundreds digit of 9459?
4
What is the units digit of 1109?
9
What is the tens digit of 142318?
1
What is the hundreds digit of 72986?
9
What is the hundreds digit of 204?
2
What is the hundreds digit of 31070?
0
What is the hundreds digit of 95075?
0
What is the thousands digit of 4414?
4
What is the tens digit of 1424?
2
What is the thousands digit of 19124?
9
What is the hundreds digit of 1632?
6
What is the hundreds digit of 5790?
7
What is the thousands digit of 1655?
1
What is the hundreds digit of 54120?
1
What is the thousands digit of 4748?
4
What is the hundreds digit of 3302?
3
What is the tens digit of 4477?
7
What is the units digit of 2629?
9
What is the hundreds digit of 6491?
4
What is the thousands digit of 7080?
7
What is the hundreds digit of 251?
2
What is the hundreds digit of 840?
8
What is the hundreds digit of 39366?
3
What is the hundreds digit of 1764?
7
What is the units digit of 14469?
9
What is the hundreds digit of 532?
5
What is the units digit of 251?
1
What is the ten thousands digit of 30690?
3
What is the units digit of 4650?
0
What is the hundreds digit of 165?
1
What is the units digit of 4081?
1
What is the tens digit of 32012?
1
What is the units digit of 16254?
4
What is the units digit of 15030?
0
What is the tens digit of 29368?
6
What is the units digit of 7594?
4
What is the tens digit of 1557?
5
What is the hundreds digit of 162749?
7
What is the thousands digit of 5013?
5
What is the tens digit of 6019?
1
What is the tens digit of 776?
7
What is the units digit of 373?
3
What is the tens digit of 55758?
5
What is the tens digit of 16733?
3
What is the hundreds digit of 895?
8
What is the thousands digit of 1570?
1
What is the tens digit of 455?
5
What is the tens digit of 1144?
4
What is the units digit of 778?
8
What is the ten thousands digit of 14332?
1
What is the thousands digit of 1639?
1
What is the ten thousands digit of 25075?
2
What is the ten thousands digit of 14616?
1
What is the thousands digit of 1461?
1
What is the thousands digit of 7050?
7
What is the hundreds digit of 1046?
0
What is the units digit of 1276?
6
What is the units digit of 65281?
1
What is the tens digit of 6231?
3
What is the tens digit of 2924?
2
What is the units digit of 22200?
0
What is the hundreds digit of 123793?
7
What is the tens digit of 23820?
2
What is the hundreds digit of 12150?
1
What is the tens digit of 1767?
6
What is the tens digit of 1343?
4
What is the tens digit of 1260?
6
What is the units digit of 3014?
4
What is the tens digit of 2293?
9
What is the ten thousands digit of 18432?
1
What is the hundreds digit of 10423?
4
What is the thousands digit of 39484?
9
What is the thousands digit of 1206?
1
What is the units digit of 301?
1
What is the hundreds digit of 44840?
8
What is the tens digit of 32?
3
What is the tens digit of 4518?
1
What is the tens digit of 849?
4
What is the units digit of 12276?
6
What is the ten thousands digit of 52125?
5
What is the thousands digit of 15852?
5
What is the ten thousands digit of 19561?
1
What is the hundreds digit of 456?
4
What is the units digit of 32051?
1
What is the thousands digit of 1333?
1
What is the hundreds digit of 11885?
8
What is the hundreds digit of 57733?
7
What is the thousands digit of 21919?
1
What is the hundreds digit of 68748?
7
What is the tens digit of 1082?
8
What is the hundreds digit of 38532?
5
What is the tens digit of 1202?
0
What is the tens digit of 16316?
1
What is the tens digit of 1304?
0
What is the tens digit of 130600?
0
What is the hundreds digit of 5354?
3
What is the hundreds digit of 567?
5
What is the units digit of 23249?
9
What is the thousands digit of 50530?
0
What is the tens digit of 472?
7
What is the tens digit of 7718?
1
What is the thousands digit of 1029?
1
What is the ten thousands digit of 84471?
8
What is the ten thousands digit of 25636?
2
What is the tens digit of 2616?
1
What is the units digit of 396?
6
What is the units digit of 2382?
2
What is the units digit of 5182?
2
What is the thousands digit of 5096?
5
What is the hundreds digit of 851?
8
What is the units digit of 174?
4
What is the units digit of 198?
8
What is the tens digit of 4903?
0
What is the thousands digit of 58177?
8
What is the units digit of 16242?
2
What is the units digit of 304?
4
What is the tens digit of 3720?
2
What is the thousands digit of 27952?
7
What is the tens digit of 327?
2
What is the thousands digit of 13090?
3
What is the tens digit of 3923?
2
What is the tens digit of 15?
1
What is the units digit of 478?
8
What is the tens digit of 45?
4
What is the units digit of 231?
1
What is the ten thousands digit of 21442?
2
What is the units digit of 2296?
6
What is the thousands digit of 28537?
8
What is the tens digit of 454?
5
What is the units digit of 608?
8
What is the thousands digit of 22878?
2
What is the thousands digit of 131550?
1
What is the thousands digit of 28011?
8
What is the units digit of 9842?
2
What is the thousands digit of 11669?
1
What is the tens digit of 40717?
1
What is the thousands digit of 5027?
5
What is the tens digit of 93?
9
What is the units digit of 753?
3
What is the thousands digit of 4264?
4
What is the thousands digit of 1261?
1
What is the hundreds digit of 1853?
8
What is the hundreds digit of 11338?
3
What is the thousands digit of 1085?
1
What is the ten thousands digit of 33528?
3
What is the units digit of 683?
3
What is the tens digit of 21855?
5
What is the tens digit of 12703?
0
What is the thousands digit of 8002?
8
What is the hundreds digit of 15992?
9
What is the units digit of 3031?
1
What is the hundreds digit of 13678?
6
What is the thousands digit of 3820?
3
What is the thousands digit of 70937?
0
What is the hundreds digit of 84614?
6
What is the ten thousands digit of 10056?
1
What is the tens digit of 15008?
0
What is the thousands digit of 16209?
6
What is the tens digit of 134356?
5
What is the hundreds digit of 9445?
4
What is the tens digit of 13703?
0
What is the hundred thousands digit of 113242?
1
What is the hundreds digit of 1607?
6
What is the units digit of 4483?
3
What is the units digit of 1170?
0
What is the units digit of 489?
9
What is the thousands digit of 190287?
0
What is the thousands digit of 2334?
2
What is the ten thousands digit of 57479?
5
What is the tens digit of 6779?
7
What is the units digit of 1668?
8
What is the hundreds digit of 52817?
8
What is the tens digit of 403?
0
What is the tens digit of 6809?
0
What is the hundreds digit of 77555?
5
What is the thousands 